hat is the remainder when y is divided by 4?
3
Let j(n) = n**2 + 4*n + 10. Calculate the remainder when 337 is divided by j(-4).
7
Suppose r = -u, 0 = -2*r - 0*r + 2*u + 8. Let y(p) = -p**2 + 17*p - 28. Let q be y(20). Let b = q - -91. What is the remainder when b is divided by r?
1
Suppose 4*y - 28 = 68. Let d be 10 - 1 - 30/(-10). Let k(l) = l**2 - 9*l - 27. Calculate the remainder when y is divided by k(d).
6
Let b = 102 - 102. What is the remainder when 84 is divided by -4 + b + (35 - 2)?
26
Suppose -18 + 3 = 5*g + 5*j, -22 = 2*g - 2*j. Let d = -8 + g. Let o(q) = -3*q + 10. What is the remainder when o(d) is divided by 14?
13
Suppose u + 0*p = 4*p - 13, -5*u - 2 = p. Let r = 17 + u. Calculate the remainder when 59 is divided by r.
11
Let f(h) = h**3 + 9*h**2 + 2*h + 5. Let p be f(-9). Calculate the remainder when 36 is divided by 6/(-9)*-3*p/(-2).
10
Suppose -d = -0*d - 5*b + 1, 5*d - 2*b - 110 = 0. Calculate the remainder when d is divided by 2/10 - (-273)/35.
0
Suppose 0 = 3*t + 27*t - 210. What is the remainder when 340 is divided by t?
4
Let s = -16 + 26. Suppose -4*m = 5*k - 0*k - 122, 3*k + 134 = 5*m. What is the remainder when m is divided by s?
8
Suppose -10 = -3*i + 62. Suppose -3*q + 80 = -4*v + 6*v, q = -2*v + i. Let r = 68 - q. What is the remainder when r is divided by 14?
12
Let w(z) = -z**2 - 12*z + 74. Suppose -16 + 88 = 4*g. What is the remainder when w(-11) is divided by g?
13
What is the remainder when (-11 + 14)*(-17)/(-3) is divided by 5?
2
Let j = 116 + 145. What is the remainder when j is divided by 83?
12
Suppose -4*y = g - 98, -114 = 15*y - 20*y + 3*g. Calculate the remainder when 86 is divided by y.
14
Calculate the remainder when 123 is divided by 1/4 - (75/(-4) - -1).
15
Let l(t) = -3*t**3 - 7*t**2 - 4*t + 8. Calculate the remainder when l(-4) is divided by 5.
4
What is the remainder when 225 is divided by (-5)/(-25) - (-578)/10?
51
Suppose 5*r - 989 = -304. Let l = r + -104. Let i(t) = t**2 - t. What is the remainder when l is divided by i(4)?
9
Let q be -1 - (-1 + (1 - 3)). Suppose q*n = 2*j + 16, -2*j = -0*n - 3*n + 22. Calculate the remainder when 21 is divided by n.
3
Let y = -2255 - -2282. What is the remainder when 348 is divided by y?
24
Let g(s) = s**3 + 7*s**2 - 8*s - 5. What is the remainder when g(-5) is divided by 19?
9
Let v(r) = -4*r - 5. Let w be v(-2). Suppose -s - 85 = -w*p, 2*s + 138 = 5*p + 4*s. What is the remainder when p is divided by 16?
12
Suppose 0 = -2*z - 4*f + 250, -2*z - 3*f + 260 = -f. Let q = -112 + z. What is the remainder when 84 is divided by q?
15
Let a = -64 - -663. What is the remainder when a is divided by 14?
11
Suppose x = -4, -5*b - 17 = -8*b - x. Let q(g) = g - g + 8 - 3*g. What is the remainder when q(-6) is divided by b?
5
Let k = 7 - 1. Suppose 123*v + 36 = 117*v. Calculate the remainder when 17 is divided by k*(-4)/v + 3.
3
Suppose 0 = o + 3*k + 12, 5*o - 4*o - 8 = k. Let z be (65 + -1)*(-9)/o. Let q = -111 - z. Calculate the remainder when q is divided by 21.
18
Let g(i) = i**2 + 5*i + 6. Let w be g(-3). Suppose w = 10*m - 31 - 59. Calculate the remainder when 35 is divided by m.
8
Let b(f) = 14*f**2 - 1. What is the remainder when (-3 - -21)*36/27 is divided by b(-1)?
11
Calculate the remainder when 178 is divided by 23/115 - (-129)/5.
22
Let j be ((-4)/(-1))/(2/(-4)). Let y(p) = -8*p - 21. What is the remainder when y(j) is divided by 11?
10
Let b = 1365 - 1352. Calculate the remainder when 504 is divided by b.
10
Let r(m) = 2*m**2 + 16*m + 13. Calculate the remainder when r(-9) is divided by 9.
4
Suppose -2*d = -d - 26. Let r = 19 - d. Let j(m) = m**2 + 2*m + 4. What is the remainder when j(r) is divided by 20?
19
Suppose -k + 414 = 410. What is the remainder when 25 is divided by k?
1
Let q = -69 + 838. What is the remainder when q is divided by 14?
13
What is the remainder when 62 is divided by (-1)/(-2)*(2 + 12)?
6
Let t(u) = u**3 + 13*u**2 + 14. Let v be t(-13). Suppose 5*z + 3*o - 90 = 0, -3*z = 3*o - 34 - v. Calculate the remainder when 61 is divided by z.
19
Let f(y) = 29*y**3 + y**2 - 3*y + 2. Calculate the remainder when 225 is divided by f(1).
22
Suppose 55 = 5*h - 3*x + 7*x, 22 = 2*h - 4*x. What is the remainder when (4 + -2)*-2 - -56 is divided by h?
8
Let z(w) = -w + 4 - 4*w**2 - 29 + 16 + w**3. What is the remainder when 53 is divided by z(5)?
9
Suppose 2*f = 3*f + 1, -b - 5 = 3*f. Let z be (4 + -12)/b - -1. Suppose -i = -3*i + 3*n + 117, 305 = z*i + 5*n. Calculate the remainder when i is divided by 21.
18
Suppose 4*s + 16 = 8*s. Suppose 14 - s = n. What is the remainder when 19 is divided by n?
9
Let l(f) = -17*f - 157. What is the remainder when l(-22) is divided by 37?
32
Calculate the remainder when (-1858)/(-6) - 8/12 is divided by 10.
9
Suppose -3*m - 15 = 0, 16*g - 17*g = 4*m + 1. Let x = -7 - -11. What is the remainder when g is divided by x?
3
Calculate the remainder when -136*(-9)/27*6/4 is divided by 23.
22
Let p(f) = -f**3 - 17*f**2 - 16*f + 5. What is the remainder when 46 is divided by p(-16)?
1
Let n(c) = -2*c + 3. Let v be n(7). Let f = 94 + -73. Let m = f - v. What is the remainder when m is divided by 17?
15
Suppose 12*v + 3*v - 285 = 0. Suppose -5*h = -d - 0*d - 18, -5*h = -20. Calculate the remainder when v is divided by d/(40/(-22) + 2).
8
Let q(r) = -24*r + 37. Calculate the remainder when 75 is divided by q(1).
10
Let s be (-1*6)/1 + (2 - 3). Let n(m) = -5*m - 11. Suppose -180 = l - 5*l. What is the remainder when l is divided by n(s)?
21
Suppose -4*u - 14 = -86. Suppose 4*a + a = 35. What is the remainder when u is divided by a?
4
Suppose 0 = 12*x - 8*x - 20. Suppose o + x*v - 91 = 0, -3*o - 4*v = o - 364. Calculate the remainder when o is divided by 31.
29
Suppose 0 = 5*n + 4*t - 226, -3*n + 4*t = 4*n - 326. What is the remainder when 458 is divided by n?
44
Calculate the remainder when 45 - -6 - (-2 - (0 + 3)) is divided by 25.
6
Suppose 3*q = 266 + 328. Calculate the remainder when 596 is divided by q.
2
Let m(h) = h**3 + 5*h**2 - 6*h + 2. Let l be m(-6). Suppose -3*a = l*a - 115. Calculate the remainder when (90/(-8))/(10/(-80)) is divided by a.
21
Suppose -8*x - 841 - 3223 = 0. Let p = -335 - x. What is the remainder when p is divided by 22?
19
Let j(o) = o**3 - 5*o**2 + 7. Suppose 15 = 3*s - 96. Calculate the remainder when (-1)/(2 - s/18) is divided by j(5).
4
Suppose 3*p = -3*h + 270, -310 = -2*h + p - 142. What is the remainder when 246 is divided by h?
74
Suppose 0 = -5*d + 2*u - 75, 0 = 2*d - 4*u + 16 + 14. Calculate the remainder when (7/(-4))/((d/100)/3) is divided by 19.
16
Suppose z - 60 = -a, -2*z + 3*a = 3*z - 292. Let u(s) = s + 51. What is the remainder when z is divided by u(-21)?
29
Suppose -n + 4*n = -2*l + 66, 3*n - 5*l - 66 = 0. Calculate the remainder when 7/6 - 79619/(-618) is divided by n.
20
Suppose 73 + 136 = 2*y - 5*x, 5*y - 500 = 5*x. What is the remainder when y is divided by 12?
1
Let k = -360 - -372. Calculate the remainder when 202 is divided by k.
10
Suppose 5*c + 7 = 92. Suppose -42*b = -41*b - 5*u - 52, 2*b - 3*u - 125 = 0. Calculate the remainder when b is divided by c.
16
Suppose 2*l = -4, -g - 2*l + 4*l + 11 = 0. Let r(z) = 20*z - 112. What is the remainder when r(6) is divided by g?
1
Let p(j) = -j**2 - j + 77. Let r be p(0). Suppose -5*b = -48 - r. Suppose 19 = 4*v - b. What is the remainder when v is divided by 6?
5
Let b = 80 - -380. What is the remainder when b is divided by 66?
64
Let z = 49 + -39. Calculate the remainder when 4 is divided by 2/(2/z*5).
0
Suppose -f + 65 = x, 25 = -4*x - 3*f + 282. Suppose 0 = -n + 3*n - x. What is the remainder when 60 is divided by n?
29
Suppose 4*k - 1380 = -x, -7*x + 668 = 2*k - 12*x. Calculate the remainder when k is divided by 23.
22
Suppose -2*g = -2*z + z - 1, 0 = 2*z + 5*g - 34. Let v(k) = -k**3 + 3*k**2 - 4*k + 3. Let h be v(2). What is the remainder when 14 + h + 0 - 1 is divided by z?
5
Suppose -2*c + 22 = -14. What is the remainder when ((-10)/(-35))/1 - (-640)/14 is divided by c?
10
Let g(s) = s**3 + 9*s**2 - 10*s. Let j be g(-10). Suppose 3*r + 2*t = 52, -r + 4*r - 4*t - 76 = j. What is the remainder when 78 is divided by r?
18
Suppose 960 = 5*j - 3*c - 791, 4*c - 1772 = -5*j. Suppose -r + 2521 = 2462. Calculate the remainder